 b and 4?
4
Suppose 2*z + 4*b = 0, -5*z + 5*b + 2 = -28. Let v be (-17)/((z/14)/(-2)). What is the greatest common factor of v and 17?
17
Let n be -11 + (3 + -63)/(-4). Suppose -2 = 2*d + 4*a - 30, 5*a = 3*d - 20. What is the highest common factor of n and d?
2
Suppose -4*p - p + 2*r + 2448 = 0, p = 3*r + 487. What is the highest common factor of p and 49?
49
Suppose 4 = -2*a + a. Let q be a/(8/(-30)) - -3. Suppose 17*h + h - 216 = 0. Calculate the greatest common factor of h and q.
6
Let x(c) = -2*c + 21. Let b be x(11). Let t be ((-16)/40)/(b/5) + 18. What is the highest common divisor of t and 80?
20
Suppose -10*b + 744 = -6*b. Calculate the greatest common divisor of 651 and b.
93
Let s(z) = z**3 - z**2 - 3*z + 4. Let o be s(2). Suppose -4*n = o*x - 132, -n + 4*x = 2*n - 110. Calculate the greatest common divisor of 2 and n.
2
Let p(n) = -n**3 + 7*n**2 + 7. Let o be p(7). Let v be (0 + -3)*-1 - o. Let s be 6 + v + 127 + -3. What is the highest common divisor of 18 and s?
18
Let q = 1136 - 872. What is the highest common factor of q and 660?
132
Let o = 59 + -5. What is the highest common divisor of o and 72?
18
Let r(h) = 5*h**2 - h - 9. Suppose 10 - 1 = -3*x. Let m be r(x). What is the greatest common factor of 195 and m?
39
Let j = 116 + -59. What is the highest common factor of j and 38?
19
Let g(h) = 59*h - 20. Let t be g(4). Calculate the highest common factor of 24 and t.
24
Let m = 2 + 18. Suppose z + m = 62. What is the greatest common factor of z and 6?
6
Let p be (-2)/4 + (-30)/(-4). Suppose 76*i - 98 - 8 = -30. What is the highest common factor of p and i?
1
Suppose 4*o + 3*h = -o + 78, 5*h - 16 = -2*o. Suppose -2*t + 2 + 4 = 0. Let j(b) = 5*b + 3. Let w be j(t). Calculate the greatest common divisor of o and w.
18
Let q = 262 - 196. Calculate the highest common factor of q and 110.
22
Let k(c) = c**3 + 26*c**2 + 4*c + 111. Let z be k(-26). Calculate the greatest common divisor of z and 133.
7
Suppose -9*g - 12012 = -20*g. What is the greatest common factor of 156 and g?
156
Let f(m) = -m**3 - 9*m**2 - 11*m - 12. Let y be f(-8). Suppose 2*c + 121 + 359 = 0. Let j = c - -348. Calculate the highest common factor of j and y.
12
Let x = 361 + -286. Calculate the greatest common factor of x and 175.
25
Let a = -136 + 146. Let s be (20/12)/(10/24). Calculate the highest common factor of a and s.
2
Suppose -2*l - 2*v + 52 = 0, 10*v - 15*v = l - 10. What is the greatest common factor of 48 and l?
6
Let m(l) = 5*l**2 - 4*l + 3. Let r be (-2)/(-17) + 512/272. Let o be m(r). What is the highest common factor of 15 and o?
15
Suppose 6*j = 4*j + 462. Let p be (19 - -3) + -1*3/3. What is the highest common divisor of p and j?
21
Suppose -18*z + 2*z + 1008 = 0. Calculate the highest common divisor of z and 693.
63
Suppose 8 = -2*i, -2*i - 23 = -3*h - 0*h. Suppose 3*w + 107 = 167. Calculate the highest common divisor of h and w.
5
Let r be (-16 + 17)/(3/42). What is the highest common divisor of r and 490?
14
Let z = 14 - 26. Let a(j) = -7*j**3 - 4 - 2*j**3 + 11*j**2 - 15*j + 10*j**3. Let r be a(z). Calculate the greatest common divisor of 160 and r.
32
Suppose -2*c = c - b - 20, c = -5*b - 4. Let s(r) = -r**2 - 7*r - 4. Let h be s(-5). Calculate the greatest common factor of c and h.
6
Let i be -4 + (1 - 1) + -2. Let r(w) = -w**2 - 8*w - 2. Let v be r(i). What is the greatest common divisor of v and 10?
10
Let v be ((-7)/14)/(2/8). Let m be (-208)/(-20) - (v + 36/15). Calculate the highest common divisor of m and 90.
10
Let m(n) = -18*n - 9. Let u be m(-1). What is the greatest common divisor of u and 42?
3
Suppose 5*l = 3*q - 12, 3*l + 24 - 4 = 5*q. Suppose -4*h = -h - 4*o - 368, l = 2*h + 5*o - 230. What is the highest common divisor of h and 15?
15
Let u(a) = -a**3 - 12*a**2 - 9*a - 1. Let q be u(-11). Let x = q + 24. Let d be 2 - x*(-9)/3. What is the greatest common factor of d and 20?
5
Suppose 0 = -a + 5*a + v + 103, -v - 49 = 2*a. Let z be -4 - a*(-2)/(-2). What is the highest common divisor of z and 115?
23
Let o = -7 - -2. Let q(c) = -2*c - 1. Let h be q(o). Calculate the greatest common divisor of 6 and h.
3
Suppose 12*w + 12 = 13*w. Suppose 68 = -w*v + 16*v. What is the greatest common divisor of v and 34?
17
Let w = 2124 + -1172. Suppose -236 = -6*x + w. What is the greatest common factor of 22 and x?
22
Let r be 6/4 - 912/32. Let q = -7 - r. Suppose 0*b = -4*b + 720. What is the highest common divisor of b and q?
20
Let u(i) = 11*i + 435. Let l be u(-38). Calculate the highest common divisor of l and 4063.
17
Let j = 56 - 33. Suppose -2*i + 19 = -j. Let l be (-4)/(-28) - (-1929)/i. Calculate the highest common factor of l and 23.
23
Let l = 4797 - 2288. What is the highest common factor of l and 13?
13
Suppose 6*q = -0*q + 126. Suppose -q*k - 70 = -26*k. What is the greatest common factor of 112 and k?
14
Let q = 12 + -8. Suppose q*c - 2*c + 60 = 0. Let l = c + 51. Calculate the greatest common factor of l and 7.
7
Let y be (8/(-6))/(3 - (-2940)/(-972)). Calculate the greatest common divisor of 63 and y.
9
Let k = -60 + 63. Let r be (8/(-10))/(k/(-105)). Calculate the highest common divisor of 7 and r.
7
Let g(i) = -i**3 - 18*i**2 + 11*i + 9. Let n be g(-16). Let y = -464 - n. What is the highest common divisor of 43 and y?
43
Suppose 4*o - 95 - 192 = -3*v, 5*v - 4*o = 489. Let q = v + -17. Suppose 509 = t + 499. What is the greatest common divisor of t and q?
10
Let y be 1160/18 + (-136)/306. What is the greatest common divisor of y and 768?
64
Let c(l) = -l + 9. Suppose -3*p = -7*p. Let i be c(p). Let m = -34 - -37. Calculate the greatest common divisor of m and i.
3
Suppose -4*b = -b - 6, -3*x + 62 = -2*b. What is the highest common divisor of x and 2?
2
Let h = 144 + -105. What is the highest common divisor of 364 and h?
13
Let x = 633 - 490. Calculate the greatest common divisor of 91 and x.
13
Let g(h) = 22*h + 52. Let l be g(-2). Suppose -3*u - 32 = -80. Calculate the highest common factor of u and l.
8
Suppose t - 6 = -0*t. Suppose -6*v + v = 15. Let b be 3/(3/(-14))*v. What is the greatest common divisor of b and t?
6
Let k(a) = a**3 - 4*a**2 - 2*a - 4. Let l be k(5). Let v(o) = -o**3 - 14*o**2 - 9*o + 17. Let q be v(-14). What is the greatest common factor of l and q?
11
Let g = 568 - 70. Suppose -2*n - 5*d = -667, -2*d + 958 = 2*n + 276. Let q = g - n. What is the highest common divisor of q and 19?
19
Let t = 303 - 279. Calculate the highest common factor of t and 6.
6
Let l be 1*(11 - (0 - 3)). Let v be (64/(-56))/((-2)/l). Calculate the greatest common factor of 72 and v.
8
Let q = 9 + 82. Let g = 199 + q. What is the highest common factor of 10 and g?
10
Let n be (-2)/(-15) + 2776/(-120). Let a = -8 + n. Let j = a - -51. Calculate the greatest common divisor of 5 and j.
5
Let n be -4 - (-16)/6*3. Let o be (n + -4 - -9)*1. Let i(p) = 9*p - 13. Let h be i(o). Calculate the highest common divisor of h and 34.
34
Let c be 3/(1 + (-20)/22). Suppose 9*j - 12 = 8*j. Suppose 6*m - d = 5*m + j, 18 = 2*m + 4*d. What is the highest common factor of c and m?
11
Let n(b) = b + 19. Let f be n(-6). Let v = f + 57. What is the greatest common divisor of 28 and v?
14
Let a(y) = -10*y - 52. Let k(q) = 7*q + 35. Let h(t) = -5*a(t) - 7*k(t). Let n be h(-12). What is the greatest common factor of n and 3?
3
Let i(b) = -5*b**3 - 20*b**2 - b + 1. Let j be i(-4). Suppose m = -5*v - 12, j*m = -v + 4*v + 52. Calculate the highest common divisor of 128 and m.
8
Let r = 24 - 20. Suppose r*j = 5 + 3. What is the greatest common factor of j and 18?
2
Suppose -6*s = -9*s + 6. Suppose -3*z + 5*j = -6*z + 64, 0 = 3*z - s*j - 29. Calculate the highest common divisor of 39 and z.
13
Suppose -5*b = -3*b - 20. Let a = b - 6. What is the highest common divisor of 2 and a?
2
Suppose i - 97 = 3*z - 13, -2*i + 3*z = -156. Suppose 0 = -a - 3*a - i. Let g = 20 + a. Calculate the highest common factor of 6 and g.
2
Suppose -4*i - 5*n + 16 = -3*n, 5*n = 20. Suppose -10 = 2*g, -w - i*w = 3*g - 9. What is the highest common factor of w and 56?
8
Let l(p) = -p**2 + 15*p + 41. Let s be l(17). Let x be (-9)/(27/(-48)) + -2. What is the highest common divisor of s and x?
7
Let y(w) = -5*w**2 + 28*w + 9. Let x(s) = s**2 + 1. Let q(i) = -4*x(i) - y(i). Let z be 